{"id":133,"date":"2020-06-06T10:26:00","date_gmt":"2020-06-06T10:26:00","guid":{"rendered":"http:\/\/flensrekord.de\/?page_id=133"},"modified":"2020-06-07T12:44:31","modified_gmt":"2020-06-07T12:44:31","slug":"18-oldtimertreffen-medelby","status":"publish","type":"page","link":"https:\/\/flensrekord.de\/?page_id=133","title":{"rendered":"17. Oldtimertreffen Medelby"},"content":{"rendered":"\n<p>Ein sehr spontanes aber dennoch sch\u00f6nes Treffen folgte dann am 08. September in Medelby. <\/p>\n\n\n\n<p><a href=\"https:\/\/www.oldtimertreffen-medelby.de\/\" target=\"_blank\" rel=\"noreferrer noopener\">Neben mehreren Oldtimern der Autogeschichte waren bei diesem Treffen auch Landwirtschaftsfahrzeuge zu bestaunen. <\/a><\/p>\n\n\n\n<p>Nach einer kurzen Runde \u00fcber den angrenzenden Bauernmarkt haben wir uns die anderen Autos angeschaut und sind schnell mit anderen Opelfreunden ins Gespr\u00e4ch gekommen. <\/p>\n\n\n\n<p>Hier bin ich auch von mehreren Besuchern angesprochen worden, die Fragen zum Fahrzeug hatten und mir danach direkt ihre Geschichten\/ Erinnerungen erz\u00e4hlten. <\/p>\n\n\n\n<p>Was mich am Meisten daran fasziniert hat, war, dass es pers\u00f6nliche Geschichten waren. Geschichten, die meist Anfangen mit &#8220;Mein Vater hatte auch dieses Fahrzeug&#8230;&#8221; oder &#8220;Ich kann mich nach den Ausflug erinnern, wo wir mit unserem Opel &#8230;&#8221;. Das war der Moment, wo ich den Wert dieses Autos realisierte. <\/p>\n\n\n\n<p>Nein, es ist kein Mercedes oder Porsche oder ein anderer Oldtimer, der einen Wert im hohen f\u00fcnfstelligen Bereich hat. Aber es ist ein Auto, welches sich damals viele Familien leisten konnten und dadurch sch\u00f6ne Erinnerungen geweckt werden. Diese Geschichten h\u00f6ren zu d\u00fcrfen ist nicht nur Best\u00e4tigung sondern auch Motivation zugleich, dieses Fahrzeug zu hegen und zu pflegen, damit es noch viele Erinnerungen und somit Geschichten hervorrufen kann. <\/p>\n","protected":false},"excerpt":{"rendered":"<p>Ein sehr spontanes aber dennoch sch\u00f6nes Treffen folgte dann am 08. September in Medelby. Neben mehreren Oldtimern der Autogeschichte waren bei diesem Treffen auch Landwirtschaftsfahrzeuge zu bestaunen. Nach einer kurzen Runde \u00fcber den angrenzenden Bauernmarkt haben wir uns die anderen Autos angeschaut und sind schnell mit anderen Opelfreunden ins Gespr\u00e4ch gekommen. Hier bin ich auch &hellip; <\/p>\n<p class=\"link-more\"><a href=\"https:\/\/flensrekord.de\/?page_id=133\" class=\"more-link\"><span class=\"screen-reader-text\">\u201e17. Oldtimertreffen Medelby\u201c<\/span> weiterlesen<\/a><\/p>\n","protected":false},"author":1,"featured_media":0,"parent":0,"menu_order":0,"comment_status":"open","ping_status":"closed","template":"","meta":{"footnotes":""},"_links":{"self":[{"href":"https:\/\/flensrekord.de\/index.php?rest_route=\/wp\/v2\/pages\/133"}],"collection":[{"href":"https:\/\/flensrekord.de\/index.php?rest_route=\/wp\/v2\/pages"}],"about":[{"href":"https:\/\/flensrekord.de\/index.php?rest_route=\/wp\/v2\/types\/page"}],"author":[{"embeddable":true,"href":"https:\/\/flensrekord.de\/index.php?rest_route=\/wp\/v2\/users\/1"}],"replies":[{"embeddable":true,"href":"https:\/\/flensrekord.de\/index.php?rest_route=%2Fwp%2Fv2%2Fcomments&post=133"}],"version-history":[{"count":8,"href":"https:\/\/flensrekord.de\/index.php?rest_route=\/wp\/v2\/pages\/133\/revisions"}],"predecessor-version":[{"id":210,"href":"https:\/\/flensrekord.de\/index.php?rest_route=\/wp\/v2\/pages\/133\/revisions\/210"}],"wp:attachment":[{"href":"https:\/\/flensrekord.de\/index.php?rest_route=%2Fwp%2Fv2%2Fmedia&parent=133"}],"curies":[{"name":"wp","href":"https:\/\/api.w.org\/{rel}","templated":true}]}}

<p>Ein sehr spontanes aber dennoch schönes Treffen folgte dann am 08. September in Medelby. </p>



<p><a href="https://www.oldtimertreffen-medelby.de/" target="_blank" rel="noreferrer noopener">Neben mehreren Oldtimern der Autogeschichte waren bei diesem Treffen auch Landwirtschaftsfahrzeuge zu bestaunen. </a></p>



<p>Nach einer kurzen Runde über den angrenzenden Bauernmarkt haben wir uns die anderen Autos angeschaut und sind schnell mit anderen Opelfreunden ins Gespräch gekommen. </p>



<p>Hier bin ich auch von mehreren Besuchern angesprochen worden, die Fragen zum Fahrzeug hatten und mir danach direkt ihre Geschichten/ Erinnerungen erzählten. </p>



<p>Was mich am Meisten daran fasziniert hat, war, dass es persönliche Geschichten waren. Geschichten, die meist Anfangen mit &#8220;Mein Vater hatte auch dieses Fahrzeug&#8230;&#8221; oder &#8220;Ich kann mich nach den Ausflug erinnern, wo wir mit unserem Opel &#8230;&#8221;. Das war der Moment, wo ich den Wert dieses Autos realisierte. </p>



<p>Nein, es ist kein Mercedes oder Porsche oder ein anderer Oldtimer, der einen Wert im hohen fünfstelligen Bereich hat. Aber es ist ein Auto, welches sich damals viele Familien leisten konnten und dadurch schöne Erinnerungen geweckt werden. Diese Geschichten hören zu dürfen ist nicht nur Bestätigung sondern auch Motivation zugleich, dieses Fahrzeug zu hegen und zu pflegen, damit es noch viele Erinnerungen und somit Geschichten hervorrufen kann. </p>

<p>Ein sehr spontanes aber dennoch schönes Treffen folgte dann am 08. September in Medelby. Neben mehreren Oldtimern der Autogeschichte waren bei diesem Treffen auch Landwirtschaftsfahrzeuge zu bestaunen. Nach einer kurzen Runde über den angrenzenden Bauernmarkt haben wir uns die anderen Autos angeschaut und sind schnell mit anderen Opelfreunden ins Gespräch gekommen. Hier bin ich auch &hellip; </p>
<p class="link-more"><a href="https://flensrekord.de/?page_id=133" class="more-link"><span class="screen-reader-text">„17. Oldtimertreffen Medelby“</span> weiterlesen</a></p>
