{"id":201,"date":"2020-06-07T11:31:52","date_gmt":"2020-06-07T11:31:52","guid":{"rendered":"http:\/\/flensrekord.de\/?page_id=201"},"modified":"2020-07-05T11:17:20","modified_gmt":"2020-07-05T11:17:20","slug":"warum-eigentlich-millionaer","status":"publish","type":"page","link":"https:\/\/flensrekord.de\/?page_id=201","title":{"rendered":"Warum eigentlich &#8220;Million\u00e4r&#8221; ?"},"content":{"rendered":"\n<figure class=\"wp-block-image size-full is-style-default\"><img loading=\"lazy\" decoding=\"async\" width=\"800\" height=\"450\" src=\"https:\/\/flensrekord.de\/wp-content\/uploads\/2020\/06\/20190616_083105_124CB229-090A-4265-95E1-EA2B741788B3-916-0000006838257518.png\" alt=\"\" class=\"wp-image-128\" srcset=\"https:\/\/flensrekord.de\/wp-content\/uploads\/2020\/06\/20190616_083105_124CB229-090A-4265-95E1-EA2B741788B3-916-0000006838257518.png 800w, https:\/\/flensrekord.de\/wp-content\/uploads\/2020\/06\/20190616_083105_124CB229-090A-4265-95E1-EA2B741788B3-916-0000006838257518-300x169.png 300w, https:\/\/flensrekord.de\/wp-content\/uploads\/2020\/06\/20190616_083105_124CB229-090A-4265-95E1-EA2B741788B3-916-0000006838257518-768x432.png 768w\" sizes=\"(max-width: 767px) 89vw, (max-width: 1000px) 54vw, (max-width: 1071px) 543px, 580px\" \/><figcaption>Auszug aus dem Opel Flyer zum Rekord Million\u00e4r<\/figcaption><\/figure>\n\n\n\n<p>Eigentlich ist mit diesem Bild alles gesagt. Es handelt sich bei meinem Fahrzeug um ein Sondermodell, welches Opel zum Ende der Bauserie nutzt um alle Extras zu verbauen, die noch auf Lager waren. <\/p>\n\n\n\n<p>Wie es sich f\u00fcr einen Million\u00e4r geh\u00f6rt, wurde die weiche &#8220;Berlina&#8221;-Ausstattung verbaut, die in diesem Modell mit Kopfst\u00fctzen (vorne) versehen wurde. Es wurde eine elektromagnetische Kofferraum-Entriegelung verbaut und dank  sportlichen Armaturen bekomme ich als Fahrer einen st\u00e4ndigen \u00dcberblick \u00fcber die Batteriespannung mittels Voltmeter, habe die Drehzahl \u00fcber den Drehzahlmesser und den \u00d6ldruck via \u00d6ldruckanzeige im Blick. <\/p>\n\n\n\n<p>Den Rekord zeichnen folgende Merkmale aus:<\/p>\n\n\n\n<blockquote class=\"wp-block-quote is-layout-flow wp-block-quote-is-layout-flow\"><p><strong>Rekord D Sondermodell Million\u00e4r:<\/strong>&nbsp;Reihenvierzylinder \u2022 seitliche Nockenwelle, Ventile mit Hydrost\u00f6\u00dfeln, \u2022 Hubraum 1979 ccm \u2022 Leistung 74 kW (100 PS) bei 5200\/min \u2022 max. Drehmoment 158 Nm bei 3600\/min \u2022 Viergang-Schaltgetriebe\/ Dreistufenautomatik \u2022 Hinterradantrieb \u2022 vorn Einzelradaufh\u00e4ngung, hinten Starrachse an L\u00e4ngslenkern und Panhardstab, Schraubenfedern \u2022 Bremsen vorn\/hinten Scheiben\/Trommeln \u2022 Reifen 175 SR 14 \u2022 L\u00e4nge\/Breite\/H\u00f6he 4567\/1718\/1415 mm \u2022 Leergewicht 1090 kg \u2022 Tank 70 l \u2022&nbsp;Beschleunigung&nbsp;0\u2013100 km\/h in 13 s \u2022 Spitze 170 km\/h \u2022&nbsp;<strong>Neupreis 1976:<\/strong>&nbsp;Limousine 4-t\u00fcrig 15.450 D-Mark<\/p><cite><a href=\"https:\/\/www.autobild.de\/klassik\/artikel\/opel-rekord-d-1163819.html\">https:\/\/www.autobild.de\/klassik\/artikel\/opel-rekord-d-1163819.html<\/a><\/cite><\/blockquote>\n\n\n\n<p>Ob der Rekord die Spitze von 170 km\/h oder die 100 km\/h in 13 Sekunden heute noch schafft, werde ich wohl nicht mehr herausfinden. Ein gem\u00fctliches Fahren zwischen 80 und 130 km\/h reicht mir vollkommen aus. <\/p>\n","protected":false},"excerpt":{"rendered":"<p>Eigentlich ist mit diesem Bild alles gesagt. Es handelt sich bei meinem Fahrzeug um ein Sondermodell, welches Opel zum Ende der Bauserie nutzt um alle Extras zu verbauen, die noch auf Lager waren. Wie es sich f\u00fcr einen Million\u00e4r geh\u00f6rt, wurde die weiche &#8220;Berlina&#8221;-Ausstattung verbaut, die in diesem Modell mit Kopfst\u00fctzen (vorne) versehen wurde. Es &hellip; <\/p>\n<p class=\"link-more\"><a href=\"https:\/\/flensrekord.de\/?page_id=201\" class=\"more-link\"><span class=\"screen-reader-text\">\u201eWarum eigentlich &#8220;Million\u00e4r&#8221; ?\u201c<\/span> weiterlesen<\/a><\/p>\n","protected":false},"author":1,"featured_media":0,"parent":0,"menu_order":0,"comment_status":"open","ping_status":"closed","template":"","meta":{"footnotes":""},"_links":{"self":[{"href":"https:\/\/flensrekord.de\/index.php?rest_route=\/wp\/v2\/pages\/201"}],"collection":[{"href":"https:\/\/flensrekord.de\/index.php?rest_route=\/wp\/v2\/pages"}],"about":[{"href":"https:\/\/flensrekord.de\/index.php?rest_route=\/wp\/v2\/types\/page"}],"author":[{"embeddable":true,"href":"https:\/\/flensrekord.de\/index.php?rest_route=\/wp\/v2\/users\/1"}],"replies":[{"embeddable":true,"href":"https:\/\/flensrekord.de\/index.php?rest_route=%2Fwp%2Fv2%2Fcomments&post=201"}],"version-history":[{"count":5,"href":"https:\/\/flensrekord.de\/index.php?rest_route=\/wp\/v2\/pages\/201\/revisions"}],"predecessor-version":[{"id":278,"href":"https:\/\/flensrekord.de\/index.php?rest_route=\/wp\/v2\/pages\/201\/revisions\/278"}],"wp:attachment":[{"href":"https:\/\/flensrekord.de\/index.php?rest_route=%2Fwp%2Fv2%2Fmedia&parent=201"}],"curies":[{"name":"wp","href":"https:\/\/api.w.org\/{rel}","templated":true}]}}

Warum eigentlich &#8220;Millionär&#8221; ?

<figure class="wp-block-image size-full is-style-default"><img loading="lazy" decoding="async" width="800" height="450" src="https://flensrekord.de/wp-content/uploads/2020/06/20190616_083105_124CB229-090A-4265-95E1-EA2B741788B3-916-0000006838257518.png" alt="" class="wp-image-128" srcset="https://flensrekord.de/wp-content/uploads/2020/06/20190616_083105_124CB229-090A-4265-95E1-EA2B741788B3-916-0000006838257518.png 800w, https://flensrekord.de/wp-content/uploads/2020/06/20190616_083105_124CB229-090A-4265-95E1-EA2B741788B3-916-0000006838257518-300x169.png 300w, https://flensrekord.de/wp-content/uploads/2020/06/20190616_083105_124CB229-090A-4265-95E1-EA2B741788B3-916-0000006838257518-768x432.png 768w" sizes="(max-width: 767px) 89vw, (max-width: 1000px) 54vw, (max-width: 1071px) 543px, 580px" /><figcaption>Auszug aus dem Opel Flyer zum Rekord Millionär</figcaption></figure>



<p>Eigentlich ist mit diesem Bild alles gesagt. Es handelt sich bei meinem Fahrzeug um ein Sondermodell, welches Opel zum Ende der Bauserie nutzt um alle Extras zu verbauen, die noch auf Lager waren. </p>



<p>Wie es sich für einen Millionär gehört, wurde die weiche &#8220;Berlina&#8221;-Ausstattung verbaut, die in diesem Modell mit Kopfstützen (vorne) versehen wurde. Es wurde eine elektromagnetische Kofferraum-Entriegelung verbaut und dank  sportlichen Armaturen bekomme ich als Fahrer einen ständigen Überblick über die Batteriespannung mittels Voltmeter, habe die Drehzahl über den Drehzahlmesser und den Öldruck via Öldruckanzeige im Blick. </p>



<p>Den Rekord zeichnen folgende Merkmale aus:</p>



<blockquote class="wp-block-quote is-layout-flow wp-block-quote-is-layout-flow"><p><strong>Rekord D Sondermodell Millionär:</strong>&nbsp;Reihenvierzylinder • seitliche Nockenwelle, Ventile mit Hydrostößeln, • Hubraum 1979 ccm • Leistung 74 kW (100 PS) bei 5200/min • max. Drehmoment 158 Nm bei 3600/min • Viergang-Schaltgetriebe/ Dreistufenautomatik • Hinterradantrieb • vorn Einzelradaufhängung, hinten Starrachse an Längslenkern und Panhardstab, Schraubenfedern • Bremsen vorn/hinten Scheiben/Trommeln • Reifen 175 SR 14 • Länge/Breite/Höhe 4567/1718/1415 mm • Leergewicht 1090 kg • Tank 70 l •&nbsp;Beschleunigung&nbsp;0–100 km/h in 13 s • Spitze 170 km/h •&nbsp;<strong>Neupreis 1976:</strong>&nbsp;Limousine 4-türig 15.450 D-Mark</p><cite><a href="https://www.autobild.de/klassik/artikel/opel-rekord-d-1163819.html">https://www.autobild.de/klassik/artikel/opel-rekord-d-1163819.html</a></cite></blockquote>



<p>Ob der Rekord die Spitze von 170 km/h oder die 100 km/h in 13 Sekunden heute noch schafft, werde ich wohl nicht mehr herausfinden. Ein gemütliches Fahren zwischen 80 und 130 km/h reicht mir vollkommen aus. </p>

<p>Eigentlich ist mit diesem Bild alles gesagt. Es handelt sich bei meinem Fahrzeug um ein Sondermodell, welches Opel zum Ende der Bauserie nutzt um alle Extras zu verbauen, die noch auf Lager waren. Wie es sich für einen Millionär gehört, wurde die weiche &#8220;Berlina&#8221;-Ausstattung verbaut, die in diesem Modell mit Kopfstützen (vorne) versehen wurde. Es &hellip; </p>
<p class="link-more"><a href="https://flensrekord.de/?page_id=201" class="more-link"><span class="screen-reader-text">„Warum eigentlich &#8220;Millionär&#8221; ?“</span> weiterlesen</a></p>
