{"id":259,"date":"2020-07-05T10:49:54","date_gmt":"2020-07-05T10:49:54","guid":{"rendered":"http:\/\/flensrekord.de\/?page_id=259"},"modified":"2022-09-26T07:38:28","modified_gmt":"2022-09-26T07:38:28","slug":"der-fahrer","status":"publish","type":"page","link":"https:\/\/flensrekord.de\/?page_id=259","title":{"rendered":"Der Fahrer"},"content":{"rendered":"\n<p>Auch wenn diese Seite prim\u00e4r dem Auto gewidmet wird, ist es dennoch erforderlich auch den Fahrer zu erw\u00e4hnen. <br><br>Wie beschreibt man sich selbst&#8230; eine Aufgabe, die mir noch nie leicht gefallen ist. Bevor ist nun aber viele W\u00f6rter verliere, habe ich gelernt, dass Bilder mehr als tausend Worte sagen:<\/p>\n\n\n<div class=\"wp-block-image\">\n<figure class=\"aligncenter size-large is-resized\"><img loading=\"lazy\" decoding=\"async\" src=\"http:\/\/flensrekord.de\/wp-content\/uploads\/2020\/07\/20200705_114528.jpg\" alt=\"\" class=\"wp-image-269\" width=\"339\" height=\"321\" srcset=\"https:\/\/flensrekord.de\/wp-content\/uploads\/2020\/07\/20200705_114528.jpg 899w, https:\/\/flensrekord.de\/wp-content\/uploads\/2020\/07\/20200705_114528-300x284.jpg 300w, https:\/\/flensrekord.de\/wp-content\/uploads\/2020\/07\/20200705_114528-768x727.jpg 768w\" sizes=\"(max-width: 339px) 100vw, 339px\" \/><\/figure><\/div>\n\n\n<p>Der Typ da im Schlamm, das bin ich.<\/p>\n\n\n\n<p>Geboren 89 im Emsland, in einem Dorf n\u00e4he der holl\u00e4ndischen Grenze. <br>Klassischer Werdegang, der im Kindergarten begonnen hat. Weiter \u00fcber die Grundschule habe ich nach der Realschule eine Ausbildung zum B\u00fcrokaufmann beendet. Nach der Ausbildung habe ich mein Fachabitur im Bereich Wirtschaft absolviert und mich dazu entschlossen, an der der Hochschule Flensburg den Studiengang Wirtschaftsinformatik zu belegen. <\/p>\n\n\n\n<p>Somit habe ich 2013 meine Koffer gepackt und bin nach Schleswig-Holstein gewandert und habe hier erfolgreich mein Studium der Wirtschaftsinformatik abgeschlossen. <\/p>\n\n\n\n<p>Mein Studium f\u00fchrte mich zu meiner aktuellen Anstellung als Projektmanager, bei einem Softwareentwicklungs- und Dienstleistungshaus in Flensburg. Wenn ich also nicht gerade am Laptop h\u00e4nge und Projekte regel oder mit dem Kunden zusammen neue Prozesse definiere, genie\u00dfe ich bei sch\u00f6nem Wetter die Ausfahrt mit dem Oldtimer oder Motorrad oder verbringe bei Regen gerne ein paar Stunden an der Konsole oder mit der Pflege dieser Homepage.<\/p>\n\n\n\n<p><\/p>\n","protected":false},"excerpt":{"rendered":"<p>Auch wenn diese Seite prim\u00e4r dem Auto gewidmet wird, ist es dennoch erforderlich auch den Fahrer zu erw\u00e4hnen. Wie beschreibt man sich selbst&#8230; eine Aufgabe, die mir noch nie leicht gefallen ist. Bevor ist nun aber viele W\u00f6rter verliere, habe ich gelernt, dass Bilder mehr als tausend Worte sagen: Der Typ da im Schlamm, das &hellip; <\/p>\n<p class=\"link-more\"><a href=\"https:\/\/flensrekord.de\/?page_id=259\" class=\"more-link\"><span class=\"screen-reader-text\">\u201eDer Fahrer\u201c<\/span> weiterlesen<\/a><\/p>\n","protected":false},"author":1,"featured_media":0,"parent":0,"menu_order":0,"comment_status":"closed","ping_status":"closed","template":"","meta":{"footnotes":""},"_links":{"self":[{"href":"https:\/\/flensrekord.de\/index.php?rest_route=\/wp\/v2\/pages\/259"}],"collection":[{"href":"https:\/\/flensrekord.de\/index.php?rest_route=\/wp\/v2\/pages"}],"about":[{"href":"https:\/\/flensrekord.de\/index.php?rest_route=\/wp\/v2\/types\/page"}],"author":[{"embeddable":true,"href":"https:\/\/flensrekord.de\/index.php?rest_route=\/wp\/v2\/users\/1"}],"replies":[{"embeddable":true,"href":"https:\/\/flensrekord.de\/index.php?rest_route=%2Fwp%2Fv2%2Fcomments&post=259"}],"version-history":[{"count":5,"href":"https:\/\/flensrekord.de\/index.php?rest_route=\/wp\/v2\/pages\/259\/revisions"}],"predecessor-version":[{"id":402,"href":"https:\/\/flensrekord.de\/index.php?rest_route=\/wp\/v2\/pages\/259\/revisions\/402"}],"wp:attachment":[{"href":"https:\/\/flensrekord.de\/index.php?rest_route=%2Fwp%2Fv2%2Fmedia&parent=259"}],"curies":[{"name":"wp","href":"https:\/\/api.w.org\/{rel}","templated":true}]}}

<p>Auch wenn diese Seite primär dem Auto gewidmet wird, ist es dennoch erforderlich auch den Fahrer zu erwähnen. <br><br>Wie beschreibt man sich selbst&#8230; eine Aufgabe, die mir noch nie leicht gefallen ist. Bevor ist nun aber viele Wörter verliere, habe ich gelernt, dass Bilder mehr als tausend Worte sagen:</p>


<div class="wp-block-image">
<figure class="aligncenter size-large is-resized"><img loading="lazy" decoding="async" src="http://flensrekord.de/wp-content/uploads/2020/07/20200705_114528.jpg" alt="" class="wp-image-269" width="339" height="321" srcset="https://flensrekord.de/wp-content/uploads/2020/07/20200705_114528.jpg 899w, https://flensrekord.de/wp-content/uploads/2020/07/20200705_114528-300x284.jpg 300w, https://flensrekord.de/wp-content/uploads/2020/07/20200705_114528-768x727.jpg 768w" sizes="(max-width: 339px) 100vw, 339px" /></figure></div>


<p>Der Typ da im Schlamm, das bin ich.</p>



<p>Geboren 89 im Emsland, in einem Dorf nähe der holländischen Grenze. <br>Klassischer Werdegang, der im Kindergarten begonnen hat. Weiter über die Grundschule habe ich nach der Realschule eine Ausbildung zum Bürokaufmann beendet. Nach der Ausbildung habe ich mein Fachabitur im Bereich Wirtschaft absolviert und mich dazu entschlossen, an der der Hochschule Flensburg den Studiengang Wirtschaftsinformatik zu belegen. </p>



<p>Somit habe ich 2013 meine Koffer gepackt und bin nach Schleswig-Holstein gewandert und habe hier erfolgreich mein Studium der Wirtschaftsinformatik abgeschlossen. </p>



<p>Mein Studium führte mich zu meiner aktuellen Anstellung als Projektmanager, bei einem Softwareentwicklungs- und Dienstleistungshaus in Flensburg. Wenn ich also nicht gerade am Laptop hänge und Projekte regel oder mit dem Kunden zusammen neue Prozesse definiere, genieße ich bei schönem Wetter die Ausfahrt mit dem Oldtimer oder Motorrad oder verbringe bei Regen gerne ein paar Stunden an der Konsole oder mit der Pflege dieser Homepage.</p>



<p></p>

<p>Auch wenn diese Seite primär dem Auto gewidmet wird, ist es dennoch erforderlich auch den Fahrer zu erwähnen. Wie beschreibt man sich selbst&#8230; eine Aufgabe, die mir noch nie leicht gefallen ist. Bevor ist nun aber viele Wörter verliere, habe ich gelernt, dass Bilder mehr als tausend Worte sagen: Der Typ da im Schlamm, das &hellip; </p>
<p class="link-more"><a href="https://flensrekord.de/?page_id=259" class="more-link"><span class="screen-reader-text">„Der Fahrer“</span> weiterlesen</a></p>
