{"id":292,"date":"2020-08-23T12:23:54","date_gmt":"2020-08-23T12:23:54","guid":{"rendered":"http:\/\/flensrekord.de\/?page_id=292"},"modified":"2020-08-23T15:25:18","modified_gmt":"2020-08-23T15:25:18","slug":"danke-corona","status":"publish","type":"page","link":"https:\/\/flensrekord.de\/?page_id=292","title":{"rendered":"&#8220;Danke&#8221; Corona"},"content":{"rendered":"\n<p>Ich muss zugeben, dieses Jahr ist noch nicht so viel von mir verfasst worden. Leider liegt es daran, dass dieses Jahr kaum etwas passiert ist. Bevor die Saison richtig begann, verh\u00e4ngte die Regierung eine Einschr\u00e4nkung und Sperre nach der anderen. Auch wenn es immer um unser pers\u00f6nliches Wohl ging, konnte ich mich Anfangs nicht mit diesen Einschr\u00e4nkungen anfreunden. <\/p>\n\n\n\n<p>Ein Event nach dem anderen wurde abgesagt. Nicht nur Sportevents, sondern leider auch die Oldtimer Ralley, wo ich die Teilnahme beim <a href=\"https:\/\/flensrekord.de\/?page_id=130\" target=\"_blank\" rel=\"noreferrer noopener\">T\u00dcV NORD<\/a> Event gewonnen habe. <\/p>\n\n\n\n<p>Weiterhin rieselten Mails und Meldungen ein, dass die Oldtimer &#8211; Events in der Region abgesagt wurden&#8230; <\/p>\n\n\n\n<p>Corona, ich mag dich nicht!<\/p>\n\n\n\n<p>Naja&#8230; C\u2019est la vie<\/p>\n\n\n\n<p>So zwischen Mai\/Juni herum konnte ich aber dann langsam auch die Vorteile erkennen. Ich habe mal ausmissten k\u00f6nnen, habe mich mit Themen besch\u00e4ftigt, die ich schon l\u00e4nger vor mir her geschoben habe und habe mehr Zeit Zuhause und in der Region mit meinen Freunden und Liebsten verbringen k\u00f6nnen. <\/p>\n\n\n\n<p>So haben wir beispielsweise Picknick Ausfl\u00fcge an die nahe gelegenen Str\u00e4nde gemacht <\/p>\n\n\n\n<div class=\"wp-block-image\"><figure class=\"aligncenter size-large is-resized\"><img loading=\"lazy\" decoding=\"async\" src=\"http:\/\/flensrekord.de\/wp-content\/uploads\/2020\/08\/IMG-20200627-WA0002-e1598184736668-1024x737.jpg\" alt=\"\" class=\"wp-image-293\" width=\"610\" height=\"439\" srcset=\"https:\/\/flensrekord.de\/wp-content\/uploads\/2020\/08\/IMG-20200627-WA0002-e1598184736668-1024x737.jpg 1024w, https:\/\/flensrekord.de\/wp-content\/uploads\/2020\/08\/IMG-20200627-WA0002-e1598184736668-300x216.jpg 300w, https:\/\/flensrekord.de\/wp-content\/uploads\/2020\/08\/IMG-20200627-WA0002-e1598184736668-768x553.jpg 768w, https:\/\/flensrekord.de\/wp-content\/uploads\/2020\/08\/IMG-20200627-WA0002-e1598184736668.jpg 1200w\" sizes=\"(max-width: 610px) 100vw, 610px\" \/><\/figure><\/div>\n\n\n\n<p>und haben mit Freunden den ein oder anderen Grillabend im Garten gehabt. Nat\u00fcrlich durfte der Oldie da nicht fehlen.<\/p>\n\n\n\n<div class=\"wp-block-image\"><figure class=\"aligncenter size-large is-resized\"><img loading=\"lazy\" decoding=\"async\" src=\"http:\/\/flensrekord.de\/wp-content\/uploads\/2020\/07\/20200626_174518-scaled.jpg\" alt=\"\" class=\"wp-image-267\" width=\"602\" height=\"451\" srcset=\"https:\/\/flensrekord.de\/wp-content\/uploads\/2020\/07\/20200626_174518-scaled.jpg 2560w, https:\/\/flensrekord.de\/wp-content\/uploads\/2020\/07\/20200626_174518-300x225.jpg 300w, https:\/\/flensrekord.de\/wp-content\/uploads\/2020\/07\/20200626_174518-768x576.jpg 768w, https:\/\/flensrekord.de\/wp-content\/uploads\/2020\/07\/20200626_174518-1536x1152.jpg 1536w, https:\/\/flensrekord.de\/wp-content\/uploads\/2020\/07\/20200626_174518-2048x1536.jpg 2048w\" sizes=\"(max-width: 602px) 100vw, 602px\" \/><\/figure><\/div>\n\n\n\n<p>Wenn ich es mir so recht \u00fcberlege, ist dieses Jahr doch ziemlich viel passiert. Viele Kleinigkeiten, die Freundschaften haben aufleben lassen oder gefestigt haben. Die Familie, die Freunde aber auch das eigene Wohl stand im Vordergrund und daf\u00fcr bin ich schon auf Gewisse Art und Weise dankbar. <\/p>\n\n\n\n<div class=\"wp-block-image\"><figure class=\"aligncenter size-large is-resized\"><img loading=\"lazy\" decoding=\"async\" src=\"http:\/\/flensrekord.de\/wp-content\/uploads\/2020\/08\/IMG-20200614-WA0013-1024x768.jpg\" alt=\"\" class=\"wp-image-308\" width=\"610\" height=\"457\" srcset=\"https:\/\/flensrekord.de\/wp-content\/uploads\/2020\/08\/IMG-20200614-WA0013-1024x768.jpg 1024w, https:\/\/flensrekord.de\/wp-content\/uploads\/2020\/08\/IMG-20200614-WA0013-300x225.jpg 300w, https:\/\/flensrekord.de\/wp-content\/uploads\/2020\/08\/IMG-20200614-WA0013-768x576.jpg 768w, https:\/\/flensrekord.de\/wp-content\/uploads\/2020\/08\/IMG-20200614-WA0013-1536x1152.jpg 1536w, https:\/\/flensrekord.de\/wp-content\/uploads\/2020\/08\/IMG-20200614-WA0013.jpg 1600w\" sizes=\"(max-width: 610px) 100vw, 610px\" \/><figcaption>Kurzer Blick schadet nie<\/figcaption><\/figure><\/div>\n\n\n\n<p>Viele der geplanten Events sind immerhin auf das Jahr 2021 geschoben worden und ich hoffe sehr, dass das Sponsoring der Teilnahme an der Ralley auch f\u00fcr das kommende Jahr noch gilt.  <\/p>\n\n\n\n<p>Ja, Corona ist kacke und niemand wollte diese Pandemie. Aber ich kann euch nur empfehlen, macht das Beste daraus und genie\u00dft die Zeit mit euren Liebsten und g\u00f6nnt euch mal eine Pause. Bleibt Gesund.<\/p>\n","protected":false},"excerpt":{"rendered":"<p>Ich muss zugeben, dieses Jahr ist noch nicht so viel von mir verfasst worden. Leider liegt es daran, dass dieses Jahr kaum etwas passiert ist. Bevor die Saison richtig begann, verh\u00e4ngte die Regierung eine Einschr\u00e4nkung und Sperre nach der anderen. Auch wenn es immer um unser pers\u00f6nliches Wohl ging, konnte ich mich Anfangs nicht mit &hellip; <\/p>\n<p class=\"link-more\"><a href=\"https:\/\/flensrekord.de\/?page_id=292\" class=\"more-link\"><span class=\"screen-reader-text\">\u201e&#8220;Danke&#8221; Corona\u201c<\/span> weiterlesen<\/a><\/p>\n","protected":false},"author":1,"featured_media":0,"parent":0,"menu_order":0,"comment_status":"closed","ping_status":"closed","template":"","meta":{"footnotes":""},"_links":{"self":[{"href":"https:\/\/flensrekord.de\/index.php?rest_route=\/wp\/v2\/pages\/292"}],"collection":[{"href":"https:\/\/flensrekord.de\/index.php?rest_route=\/wp\/v2\/pages"}],"about":[{"href":"https:\/\/flensrekord.de\/index.php?rest_route=\/wp\/v2\/types\/page"}],"author":[{"embeddable":true,"href":"https:\/\/flensrekord.de\/index.php?rest_route=\/wp\/v2\/users\/1"}],"replies":[{"embeddable":true,"href":"https:\/\/flensrekord.de\/index.php?rest_route=%2Fwp%2Fv2%2Fcomments&post=292"}],"version-history":[{"count":5,"href":"https:\/\/flensrekord.de\/index.php?rest_route=\/wp\/v2\/pages\/292\/revisions"}],"predecessor-version":[{"id":319,"href":"https:\/\/flensrekord.de\/index.php?rest_route=\/wp\/v2\/pages\/292\/revisions\/319"}],"wp:attachment":[{"href":"https:\/\/flensrekord.de\/index.php?rest_route=%2Fwp%2Fv2%2Fmedia&parent=292"}],"curies":[{"name":"wp","href":"https:\/\/api.w.org\/{rel}","templated":true}]}}

<p>Ich muss zugeben, dieses Jahr ist noch nicht so viel von mir verfasst worden. Leider liegt es daran, dass dieses Jahr kaum etwas passiert ist. Bevor die Saison richtig begann, verhängte die Regierung eine Einschränkung und Sperre nach der anderen. Auch wenn es immer um unser persönliches Wohl ging, konnte ich mich Anfangs nicht mit diesen Einschränkungen anfreunden. </p>



<p>Ein Event nach dem anderen wurde abgesagt. Nicht nur Sportevents, sondern leider auch die Oldtimer Ralley, wo ich die Teilnahme beim <a href="https://flensrekord.de/?page_id=130" target="_blank" rel="noreferrer noopener">TÜV NORD</a> Event gewonnen habe. </p>



<p>Weiterhin rieselten Mails und Meldungen ein, dass die Oldtimer &#8211; Events in der Region abgesagt wurden&#8230; </p>



<p>Corona, ich mag dich nicht!</p>



<p>Naja&#8230; C’est la vie</p>



<p>So zwischen Mai/Juni herum konnte ich aber dann langsam auch die Vorteile erkennen. Ich habe mal ausmissten können, habe mich mit Themen beschäftigt, die ich schon länger vor mir her geschoben habe und habe mehr Zeit Zuhause und in der Region mit meinen Freunden und Liebsten verbringen können. </p>



<p>So haben wir beispielsweise Picknick Ausflüge an die nahe gelegenen Strände gemacht </p>



<div class="wp-block-image"><figure class="aligncenter size-large is-resized"><img loading="lazy" decoding="async" src="http://flensrekord.de/wp-content/uploads/2020/08/IMG-20200627-WA0002-e1598184736668-1024x737.jpg" alt="" class="wp-image-293" width="610" height="439" srcset="https://flensrekord.de/wp-content/uploads/2020/08/IMG-20200627-WA0002-e1598184736668-1024x737.jpg 1024w, https://flensrekord.de/wp-content/uploads/2020/08/IMG-20200627-WA0002-e1598184736668-300x216.jpg 300w, https://flensrekord.de/wp-content/uploads/2020/08/IMG-20200627-WA0002-e1598184736668-768x553.jpg 768w, https://flensrekord.de/wp-content/uploads/2020/08/IMG-20200627-WA0002-e1598184736668.jpg 1200w" sizes="(max-width: 610px) 100vw, 610px" /></figure></div>



<p>und haben mit Freunden den ein oder anderen Grillabend im Garten gehabt. Natürlich durfte der Oldie da nicht fehlen.</p>



<div class="wp-block-image"><figure class="aligncenter size-large is-resized"><img loading="lazy" decoding="async" src="http://flensrekord.de/wp-content/uploads/2020/07/20200626_174518-scaled.jpg" alt="" class="wp-image-267" width="602" height="451" srcset="https://flensrekord.de/wp-content/uploads/2020/07/20200626_174518-scaled.jpg 2560w, https://flensrekord.de/wp-content/uploads/2020/07/20200626_174518-300x225.jpg 300w, https://flensrekord.de/wp-content/uploads/2020/07/20200626_174518-768x576.jpg 768w, https://flensrekord.de/wp-content/uploads/2020/07/20200626_174518-1536x1152.jpg 1536w, https://flensrekord.de/wp-content/uploads/2020/07/20200626_174518-2048x1536.jpg 2048w" sizes="(max-width: 602px) 100vw, 602px" /></figure></div>



<p>Wenn ich es mir so recht überlege, ist dieses Jahr doch ziemlich viel passiert. Viele Kleinigkeiten, die Freundschaften haben aufleben lassen oder gefestigt haben. Die Familie, die Freunde aber auch das eigene Wohl stand im Vordergrund und dafür bin ich schon auf Gewisse Art und Weise dankbar. </p>



<div class="wp-block-image"><figure class="aligncenter size-large is-resized"><img loading="lazy" decoding="async" src="http://flensrekord.de/wp-content/uploads/2020/08/IMG-20200614-WA0013-1024x768.jpg" alt="" class="wp-image-308" width="610" height="457" srcset="https://flensrekord.de/wp-content/uploads/2020/08/IMG-20200614-WA0013-1024x768.jpg 1024w, https://flensrekord.de/wp-content/uploads/2020/08/IMG-20200614-WA0013-300x225.jpg 300w, https://flensrekord.de/wp-content/uploads/2020/08/IMG-20200614-WA0013-768x576.jpg 768w, https://flensrekord.de/wp-content/uploads/2020/08/IMG-20200614-WA0013-1536x1152.jpg 1536w, https://flensrekord.de/wp-content/uploads/2020/08/IMG-20200614-WA0013.jpg 1600w" sizes="(max-width: 610px) 100vw, 610px" /><figcaption>Kurzer Blick schadet nie</figcaption></figure></div>



<p>Viele der geplanten Events sind immerhin auf das Jahr 2021 geschoben worden und ich hoffe sehr, dass das Sponsoring der Teilnahme an der Ralley auch für das kommende Jahr noch gilt.  </p>



<p>Ja, Corona ist kacke und niemand wollte diese Pandemie. Aber ich kann euch nur empfehlen, macht das Beste daraus und genießt die Zeit mit euren Liebsten und gönnt euch mal eine Pause. Bleibt Gesund.</p>

<p>Ich muss zugeben, dieses Jahr ist noch nicht so viel von mir verfasst worden. Leider liegt es daran, dass dieses Jahr kaum etwas passiert ist. Bevor die Saison richtig begann, verhängte die Regierung eine Einschränkung und Sperre nach der anderen. Auch wenn es immer um unser persönliches Wohl ging, konnte ich mich Anfangs nicht mit &hellip; </p>
<p class="link-more"><a href="https://flensrekord.de/?page_id=292" class="more-link"><span class="screen-reader-text">„&#8220;Danke&#8221; Corona“</span> weiterlesen</a></p>
