{"id":325,"date":"2022-09-23T10:21:17","date_gmt":"2022-09-23T10:21:17","guid":{"rendered":"https:\/\/flensrekord.de\/?page_id=325"},"modified":"2022-09-23T10:21:17","modified_gmt":"2022-09-23T10:21:17","slug":"2021-2022","status":"publish","type":"page","link":"https:\/\/flensrekord.de\/?page_id=325","title":{"rendered":"2021 \/ 2022"},"content":{"rendered":"\n<p>Ich m\u00f6chte gar nicht auf Corona eingehen, aber auch die Oldtimerszene wurde stark betroffen, indem etliche Veranstaltungen abgesagt wurden. So auch meine Teilnahme an der Hamburg-Berlin Klassik Rallye f\u00fcr das Jahr 2020, welche auf 2021 geschoben wurde und die Teilnahme 2022 endlich erm\u00f6glicht wurde. Bis es so weit war, durfte ich mein Auto besser kennenlernen, als ich es mir ertr\u00e4umt habe. <\/p>\n\n\n\n<p>In der Coronazeit konnte ich mich um Rostprobleme k\u00fcmmern, habe mich um Kleinigkeiten bem\u00fchen d\u00fcrfen, mein Auto gehegt und gepflegt, durfte mit dem T\u00dcV Nord Team ein wundervolles Video \u00fcber mein Auto drehen und letztendlich auch an der Rallye Teilnehmen.<\/p>\n\n\n\n<p>Nat\u00fcrlich war auch die ein oder andere Ausfahrt dabei. Zeit, die ich tats\u00e4chlich nicht mehr missen m\u00f6chte und, wie ich finde, auch einfach perfekt war und wir das beste aus der Zeit gemacht haben.<\/p>\n","protected":false},"excerpt":{"rendered":"<p>Ich m\u00f6chte gar nicht auf Corona eingehen, aber auch die Oldtimerszene wurde stark betroffen, indem etliche Veranstaltungen abgesagt wurden. So auch meine Teilnahme an der Hamburg-Berlin Klassik Rallye f\u00fcr das Jahr 2020, welche auf 2021 geschoben wurde und die Teilnahme 2022 endlich erm\u00f6glicht wurde. Bis es so weit war, durfte ich mein Auto besser kennenlernen, &hellip; <\/p>\n<p class=\"link-more\"><a href=\"https:\/\/flensrekord.de\/?page_id=325\" class=\"more-link\"><span class=\"screen-reader-text\">\u201e2021 \/ 2022\u201c<\/span> weiterlesen<\/a><\/p>\n","protected":false},"author":1,"featured_media":0,"parent":0,"menu_order":0,"comment_status":"closed","ping_status":"closed","template":"","meta":{"footnotes":""},"_links":{"self":[{"href":"https:\/\/flensrekord.de\/index.php?rest_route=\/wp\/v2\/pages\/325"}],"collection":[{"href":"https:\/\/flensrekord.de\/index.php?rest_route=\/wp\/v2\/pages"}],"about":[{"href":"https:\/\/flensrekord.de\/index.php?rest_route=\/wp\/v2\/types\/page"}],"author":[{"embeddable":true,"href":"https:\/\/flensrekord.de\/index.php?rest_route=\/wp\/v2\/users\/1"}],"replies":[{"embeddable":true,"href":"https:\/\/flensrekord.de\/index.php?rest_route=%2Fwp%2Fv2%2Fcomments&post=325"}],"version-history":[{"count":3,"href":"https:\/\/flensrekord.de\/index.php?rest_route=\/wp\/v2\/pages\/325\/revisions"}],"predecessor-version":[{"id":355,"href":"https:\/\/flensrekord.de\/index.php?rest_route=\/wp\/v2\/pages\/325\/revisions\/355"}],"wp:attachment":[{"href":"https:\/\/flensrekord.de\/index.php?rest_route=%2Fwp%2Fv2%2Fmedia&parent=325"}],"curies":[{"name":"wp","href":"https:\/\/api.w.org\/{rel}","templated":true}]}}

<p>Ich möchte gar nicht auf Corona eingehen, aber auch die Oldtimerszene wurde stark betroffen, indem etliche Veranstaltungen abgesagt wurden. So auch meine Teilnahme an der Hamburg-Berlin Klassik Rallye für das Jahr 2020, welche auf 2021 geschoben wurde und die Teilnahme 2022 endlich ermöglicht wurde. Bis es so weit war, durfte ich mein Auto besser kennenlernen, als ich es mir erträumt habe. </p>



<p>In der Coronazeit konnte ich mich um Rostprobleme kümmern, habe mich um Kleinigkeiten bemühen dürfen, mein Auto gehegt und gepflegt, durfte mit dem TÜV Nord Team ein wundervolles Video über mein Auto drehen und letztendlich auch an der Rallye Teilnehmen.</p>



<p>Natürlich war auch die ein oder andere Ausfahrt dabei. Zeit, die ich tatsächlich nicht mehr missen möchte und, wie ich finde, auch einfach perfekt war und wir das beste aus der Zeit gemacht haben.</p>

<p>Ich möchte gar nicht auf Corona eingehen, aber auch die Oldtimerszene wurde stark betroffen, indem etliche Veranstaltungen abgesagt wurden. So auch meine Teilnahme an der Hamburg-Berlin Klassik Rallye für das Jahr 2020, welche auf 2021 geschoben wurde und die Teilnahme 2022 endlich ermöglicht wurde. Bis es so weit war, durfte ich mein Auto besser kennenlernen, &hellip; </p>
<p class="link-more"><a href="https://flensrekord.de/?page_id=325" class="more-link"><span class="screen-reader-text">„2021 / 2022“</span> weiterlesen</a></p>
