{"id":66,"date":"2020-06-04T18:21:56","date_gmt":"2020-06-04T18:21:56","guid":{"rendered":"http:\/\/flensrekord.de\/?page_id=66"},"modified":"2020-06-13T07:55:04","modified_gmt":"2020-06-13T07:55:04","slug":"2001-2018","status":"publish","type":"page","link":"https:\/\/flensrekord.de\/?page_id=66","title":{"rendered":"2001 &#8211; 2018"},"content":{"rendered":"\n<p>Im Zeitraum zwischen 2001 und 2018 wurde das Fahrzeug weder auf einen anderen Namen angemeldet noch auf roter Nummer gefahren. Lediglich zur Motorwartung und Pflege wurde das Fahrzeug wenige Meter auf dem Hof hin- und herbewegt.<\/p>\n\n\n\n<p>2016 habe ich das Fahrzeug durch Zufall entdeckt. Ich habe die Familie im Kreis Pinneberg besucht und habe in der Halle ein zugedecktes Fahrzeug entdeckt. Auch wenn ich kein leidenschaftlicher Autofan bin &#8211; bei einem zugedeckten Auto in einer Halle wird jeder Mann neugierig. Also habe ich direkt nachgefragt, welche Perle sich unter den T\u00fcchern in der Scheune befindet.<\/p>\n\n\n\n<p>Die Tochter vom Erstbesitzer hat mir dann mit Stolz das Auto von ihrem Vater gezeigt und schon wurden die Geschichten erz\u00e4hlt.<\/p>\n\n\n\n<p>Ich h\u00f6rte gespannt zu und ich war sofort verliebt. Ein Wagen in einem solchen Zustand mit so einer Geschichte werde ich wohl nicht mehr wiederfinden. Sie gesteht mir, dass sie das Fahrzeug nicht mehr anmelden wird und es gerne in ehrliche H\u00e4nde geben m\u00f6chte&#8230; Meine Ohren wurden immer gr\u00f6\u00dfer, auch wenn mein Portemonnaie als Student immer kleiner wurde.<\/p>\n\n\n\n<p>Ich habe mich mit ihr unterhalten und wir haben vereinbart, dass ich mein Studium beende, ein wenig was anspare und mich nach 2 Jahren melde und wir uns dann nochmal \u00fcber eine m\u00f6gliche \u00dcbernahme unterhalten.<\/p>\n\n\n\n<p>So sollte es dann auch sein. Ich habe mein Studium beendet, habe etwas Geld angespart und konnte mich im Oktober 2018 mit der Familie einigen und habe den Rekord D Million\u00e4r in Lindgr\u00fcn mit dem Trailer abgeholt.<\/p>\n\n\n\n<figure class=\"wp-block-gallery columns-2 is-cropped wp-block-gallery-1 is-layout-flex wp-block-gallery-is-layout-flex\"><ul class=\"blocks-gallery-grid\"><li class=\"blocks-gallery-item\"><figure><a href=\"http:\/\/flensrekord.de\/wp-content\/uploads\/2020\/05\/IMG_1945.jpg\"><img loading=\"lazy\" decoding=\"async\" width=\"1024\" height=\"768\" src=\"https:\/\/flensrekord.de\/wp-content\/uploads\/2020\/05\/IMG_1945-1024x768.jpg\" alt=\"\" data-id=\"21\" data-full-url=\"http:\/\/flensrekord.de\/wp-content\/uploads\/2020\/05\/IMG_1945.jpg\" data-link=\"http:\/\/flensrekord.de\/?attachment_id=21\" class=\"wp-image-21\" srcset=\"https:\/\/flensrekord.de\/wp-content\/uploads\/2020\/05\/IMG_1945-1024x768.jpg 1024w, https:\/\/flensrekord.de\/wp-content\/uploads\/2020\/05\/IMG_1945-300x225.jpg 300w, https:\/\/flensrekord.de\/wp-content\/uploads\/2020\/05\/IMG_1945-768x576.jpg 768w\" sizes=\"(max-width: 767px) 89vw, (max-width: 1000px) 54vw, (max-width: 1071px) 543px, 580px\" \/><\/a><figcaption class=\"blocks-gallery-item__caption\">Gut gesichert <\/figcaption><\/figure><\/li><li class=\"blocks-gallery-item\"><figure><a href=\"http:\/\/flensrekord.de\/wp-content\/uploads\/2020\/05\/IMG_1951.jpg\"><img loading=\"lazy\" decoding=\"async\" width=\"1024\" height=\"768\" src=\"https:\/\/flensrekord.de\/wp-content\/uploads\/2020\/05\/IMG_1951-1024x768.jpg\" alt=\"\" data-id=\"22\" data-full-url=\"http:\/\/flensrekord.de\/wp-content\/uploads\/2020\/05\/IMG_1951.jpg\" data-link=\"http:\/\/flensrekord.de\/?attachment_id=22\" class=\"wp-image-22\" srcset=\"https:\/\/flensrekord.de\/wp-content\/uploads\/2020\/05\/IMG_1951-1024x768.jpg 1024w, https:\/\/flensrekord.de\/wp-content\/uploads\/2020\/05\/IMG_1951-300x225.jpg 300w, https:\/\/flensrekord.de\/wp-content\/uploads\/2020\/05\/IMG_1951-768x576.jpg 768w\" sizes=\"(max-width: 767px) 89vw, (max-width: 1000px) 54vw, (max-width: 1071px) 543px, 580px\" \/><\/a><figcaption class=\"blocks-gallery-item__caption\">ging es nach Flensburg<\/figcaption><\/figure><\/li><\/ul><\/figure>\n\n\n\n<p>Nach 175 km sind wir dann in Flensburg angekommen und das Auto wurde direkt auf die B\u00fchne gebracht und alles genauestens inspiziert. Der Unterboden war in einem guten Zustand. Lediglich die Bremsen waren vom Rost befallen, die Fl\u00fcssigkeiten (Benzin, \u00d6l, Bremsfl\u00fcssigkeit) sollten getauscht werden und die Stabilager sollten neu.<\/p>\n\n\n\n<figure class=\"wp-block-gallery columns-3 is-cropped wp-block-gallery-2 is-layout-flex wp-block-gallery-is-layout-flex\"><ul class=\"blocks-gallery-grid\"><li class=\"blocks-gallery-item\"><figure><a href=\"http:\/\/flensrekord.de\/wp-content\/uploads\/2020\/06\/20181121_155152_IMG_2076-scaled.jpg\"><img loading=\"lazy\" decoding=\"async\" width=\"1024\" height=\"768\" src=\"http:\/\/flensrekord.de\/wp-content\/uploads\/2020\/06\/20181121_155152_IMG_2076-1024x768.jpg\" alt=\"\" data-id=\"171\" data-full-url=\"http:\/\/flensrekord.de\/wp-content\/uploads\/2020\/06\/20181121_155152_IMG_2076-scaled.jpg\" data-link=\"http:\/\/flensrekord.de\/?attachment_id=171\" class=\"wp-image-171\" srcset=\"https:\/\/flensrekord.de\/wp-content\/uploads\/2020\/06\/20181121_155152_IMG_2076-1024x768.jpg 1024w, https:\/\/flensrekord.de\/wp-content\/uploads\/2020\/06\/20181121_155152_IMG_2076-300x225.jpg 300w, https:\/\/flensrekord.de\/wp-content\/uploads\/2020\/06\/20181121_155152_IMG_2076-768x576.jpg 768w, https:\/\/flensrekord.de\/wp-content\/uploads\/2020\/06\/20181121_155152_IMG_2076-1536x1152.jpg 1536w, https:\/\/flensrekord.de\/wp-content\/uploads\/2020\/06\/20181121_155152_IMG_2076-2048x1536.jpg 2048w\" sizes=\"(max-width: 767px) 89vw, (max-width: 1000px) 54vw, (max-width: 1071px) 543px, 580px\" \/><\/a><figcaption class=\"blocks-gallery-item__caption\">Alte Trommel<\/figcaption><\/figure><\/li><li class=\"blocks-gallery-item\"><figure><a href=\"http:\/\/flensrekord.de\/wp-content\/uploads\/2020\/06\/20181121_155129_IMG_2072-scaled.jpg\"><img loading=\"lazy\" decoding=\"async\" width=\"1920\" height=\"2560\" src=\"http:\/\/flensrekord.de\/wp-content\/uploads\/2020\/06\/20181121_155129_IMG_2072-scaled.jpg\" alt=\"\" data-id=\"167\" data-full-url=\"http:\/\/flensrekord.de\/wp-content\/uploads\/2020\/06\/20181121_155129_IMG_2072-scaled.jpg\" data-link=\"http:\/\/flensrekord.de\/?attachment_id=167\" class=\"wp-image-167\" srcset=\"https:\/\/flensrekord.de\/wp-content\/uploads\/2020\/06\/20181121_155129_IMG_2072-scaled.jpg 1920w, https:\/\/flensrekord.de\/wp-content\/uploads\/2020\/06\/20181121_155129_IMG_2072-225x300.jpg 225w, https:\/\/flensrekord.de\/wp-content\/uploads\/2020\/06\/20181121_155129_IMG_2072-1152x1536.jpg 1152w, https:\/\/flensrekord.de\/wp-content\/uploads\/2020\/06\/20181121_155129_IMG_2072-1536x2048.jpg 1536w\" sizes=\"(max-width: 767px) 89vw, (max-width: 1000px) 54vw, (max-width: 1071px) 543px, 580px\" \/><\/a><figcaption class=\"blocks-gallery-item__caption\">musste mal neu<\/figcaption><\/figure><\/li><li class=\"blocks-gallery-item\"><figure><a href=\"http:\/\/flensrekord.de\/wp-content\/uploads\/2020\/06\/20181121_165017_IMG_2077-scaled.jpg\"><img loading=\"lazy\" decoding=\"async\" width=\"1920\" height=\"2560\" src=\"http:\/\/flensrekord.de\/wp-content\/uploads\/2020\/06\/20181121_165017_IMG_2077-scaled.jpg\" alt=\"\" data-id=\"172\" data-full-url=\"http:\/\/flensrekord.de\/wp-content\/uploads\/2020\/06\/20181121_165017_IMG_2077-scaled.jpg\" data-link=\"http:\/\/flensrekord.de\/?attachment_id=172\" class=\"wp-image-172\" srcset=\"https:\/\/flensrekord.de\/wp-content\/uploads\/2020\/06\/20181121_165017_IMG_2077-scaled.jpg 1920w, https:\/\/flensrekord.de\/wp-content\/uploads\/2020\/06\/20181121_165017_IMG_2077-225x300.jpg 225w, https:\/\/flensrekord.de\/wp-content\/uploads\/2020\/06\/20181121_165017_IMG_2077-1152x1536.jpg 1152w, https:\/\/flensrekord.de\/wp-content\/uploads\/2020\/06\/20181121_165017_IMG_2077-1536x2048.jpg 1536w\" sizes=\"(max-width: 767px) 89vw, (max-width: 1000px) 54vw, (max-width: 1071px) 543px, 580px\" \/><\/a><figcaption class=\"blocks-gallery-item__caption\">Neue Teile verbaut<\/figcaption><\/figure><\/li><\/ul><\/figure>\n\n\n\n<p>Dank der freundlichen Hilfe meines Schwagers konnten diese Reparaturen auch schnell erledigt werden, sodass das Auto im November 2018 zum T\u00dcV konnte. Die H-Abnahme und T\u00dcV waren \u00fcberhaupt kein Problem. Ich hatte im Anschluss direkt einen Termin f\u00fcr das Wertgutachten gehabt und habe mich sehr \u00fcber die Note 2- gefreut.<\/p>\n\n\n\n<p>Nun hie\u00df es warten bis endlich das Wetter 2019 mitspielt und die ersten Touren gefahren werden konnten.<\/p>\n\n\n\n<p><a href=\"https:\/\/flensrekord.de\/?page_id=92\">Hier geht es weiter mit den Beitr\u00e4gen aus 2019.<\/a><\/p>\n","protected":false},"excerpt":{"rendered":"<p>Im Zeitraum zwischen 2001 und 2018 wurde das Fahrzeug weder auf einen anderen Namen angemeldet noch auf roter Nummer gefahren. Lediglich zur Motorwartung und Pflege wurde das Fahrzeug wenige Meter auf dem Hof hin- und herbewegt. 2016 habe ich das Fahrzeug durch Zufall entdeckt. Ich habe die Familie im Kreis Pinneberg besucht und habe in &hellip; <\/p>\n<p class=\"link-more\"><a href=\"https:\/\/flensrekord.de\/?page_id=66\" class=\"more-link\"><span class=\"screen-reader-text\">\u201e2001 &#8211; 2018\u201c<\/span> weiterlesen<\/a><\/p>\n","protected":false},"author":1,"featured_media":0,"parent":0,"menu_order":0,"comment_status":"open","ping_status":"closed","template":"","meta":{"footnotes":""},"_links":{"self":[{"href":"https:\/\/flensrekord.de\/index.php?rest_route=\/wp\/v2\/pages\/66"}],"collection":[{"href":"https:\/\/flensrekord.de\/index.php?rest_route=\/wp\/v2\/pages"}],"about":[{"href":"https:\/\/flensrekord.de\/index.php?rest_route=\/wp\/v2\/types\/page"}],"author":[{"embeddable":true,"href":"https:\/\/flensrekord.de\/index.php?rest_route=\/wp\/v2\/users\/1"}],"replies":[{"embeddable":true,"href":"https:\/\/flensrekord.de\/index.php?rest_route=%2Fwp%2Fv2%2Fcomments&post=66"}],"version-history":[{"count":7,"href":"https:\/\/flensrekord.de\/index.php?rest_route=\/wp\/v2\/pages\/66\/revisions"}],"predecessor-version":[{"id":249,"href":"https:\/\/flensrekord.de\/index.php?rest_route=\/wp\/v2\/pages\/66\/revisions\/249"}],"wp:attachment":[{"href":"https:\/\/flensrekord.de\/index.php?rest_route=%2Fwp%2Fv2%2Fmedia&parent=66"}],"curies":[{"name":"wp","href":"https:\/\/api.w.org\/{rel}","templated":true}]}}

<p>Im Zeitraum zwischen 2001 und 2018 wurde das Fahrzeug weder auf einen anderen Namen angemeldet noch auf roter Nummer gefahren. Lediglich zur Motorwartung und Pflege wurde das Fahrzeug wenige Meter auf dem Hof hin- und herbewegt.</p>



<p>2016 habe ich das Fahrzeug durch Zufall entdeckt. Ich habe die Familie im Kreis Pinneberg besucht und habe in der Halle ein zugedecktes Fahrzeug entdeckt. Auch wenn ich kein leidenschaftlicher Autofan bin &#8211; bei einem zugedeckten Auto in einer Halle wird jeder Mann neugierig. Also habe ich direkt nachgefragt, welche Perle sich unter den Tüchern in der Scheune befindet.</p>



<p>Die Tochter vom Erstbesitzer hat mir dann mit Stolz das Auto von ihrem Vater gezeigt und schon wurden die Geschichten erzählt.</p>



<p>Ich hörte gespannt zu und ich war sofort verliebt. Ein Wagen in einem solchen Zustand mit so einer Geschichte werde ich wohl nicht mehr wiederfinden. Sie gesteht mir, dass sie das Fahrzeug nicht mehr anmelden wird und es gerne in ehrliche Hände geben möchte&#8230; Meine Ohren wurden immer größer, auch wenn mein Portemonnaie als Student immer kleiner wurde.</p>



<p>Ich habe mich mit ihr unterhalten und wir haben vereinbart, dass ich mein Studium beende, ein wenig was anspare und mich nach 2 Jahren melde und wir uns dann nochmal über eine mögliche Übernahme unterhalten.</p>



<p>So sollte es dann auch sein. Ich habe mein Studium beendet, habe etwas Geld angespart und konnte mich im Oktober 2018 mit der Familie einigen und habe den Rekord D Millionär in Lindgrün mit dem Trailer abgeholt.</p>



<figure class="wp-block-gallery columns-2 is-cropped wp-block-gallery-1 is-layout-flex wp-block-gallery-is-layout-flex"><ul class="blocks-gallery-grid"><li class="blocks-gallery-item"><figure><a href="http://flensrekord.de/wp-content/uploads/2020/05/IMG_1945.jpg"><img loading="lazy" decoding="async" width="1024" height="768" src="https://flensrekord.de/wp-content/uploads/2020/05/IMG_1945-1024x768.jpg" alt="" data-id="21" data-full-url="http://flensrekord.de/wp-content/uploads/2020/05/IMG_1945.jpg" data-link="http://flensrekord.de/?attachment_id=21" class="wp-image-21" srcset="https://flensrekord.de/wp-content/uploads/2020/05/IMG_1945-1024x768.jpg 1024w, https://flensrekord.de/wp-content/uploads/2020/05/IMG_1945-300x225.jpg 300w, https://flensrekord.de/wp-content/uploads/2020/05/IMG_1945-768x576.jpg 768w" sizes="(max-width: 767px) 89vw, (max-width: 1000px) 54vw, (max-width: 1071px) 543px, 580px" /></a><figcaption class="blocks-gallery-item__caption">Gut gesichert </figcaption></figure></li><li class="blocks-gallery-item"><figure><a href="http://flensrekord.de/wp-content/uploads/2020/05/IMG_1951.jpg"><img loading="lazy" decoding="async" width="1024" height="768" src="https://flensrekord.de/wp-content/uploads/2020/05/IMG_1951-1024x768.jpg" alt="" data-id="22" data-full-url="http://flensrekord.de/wp-content/uploads/2020/05/IMG_1951.jpg" data-link="http://flensrekord.de/?attachment_id=22" class="wp-image-22" srcset="https://flensrekord.de/wp-content/uploads/2020/05/IMG_1951-1024x768.jpg 1024w, https://flensrekord.de/wp-content/uploads/2020/05/IMG_1951-300x225.jpg 300w, https://flensrekord.de/wp-content/uploads/2020/05/IMG_1951-768x576.jpg 768w" sizes="(max-width: 767px) 89vw, (max-width: 1000px) 54vw, (max-width: 1071px) 543px, 580px" /></a><figcaption class="blocks-gallery-item__caption">ging es nach Flensburg</figcaption></figure></li></ul></figure>



<p>Nach 175 km sind wir dann in Flensburg angekommen und das Auto wurde direkt auf die Bühne gebracht und alles genauestens inspiziert. Der Unterboden war in einem guten Zustand. Lediglich die Bremsen waren vom Rost befallen, die Flüssigkeiten (Benzin, Öl, Bremsflüssigkeit) sollten getauscht werden und die Stabilager sollten neu.</p>



<figure class="wp-block-gallery columns-3 is-cropped wp-block-gallery-2 is-layout-flex wp-block-gallery-is-layout-flex"><ul class="blocks-gallery-grid"><li class="blocks-gallery-item"><figure><a href="http://flensrekord.de/wp-content/uploads/2020/06/20181121_155152_IMG_2076-scaled.jpg"><img loading="lazy" decoding="async" width="1024" height="768" src="http://flensrekord.de/wp-content/uploads/2020/06/20181121_155152_IMG_2076-1024x768.jpg" alt="" data-id="171" data-full-url="http://flensrekord.de/wp-content/uploads/2020/06/20181121_155152_IMG_2076-scaled.jpg" data-link="http://flensrekord.de/?attachment_id=171" class="wp-image-171" srcset="https://flensrekord.de/wp-content/uploads/2020/06/20181121_155152_IMG_2076-1024x768.jpg 1024w, https://flensrekord.de/wp-content/uploads/2020/06/20181121_155152_IMG_2076-300x225.jpg 300w, https://flensrekord.de/wp-content/uploads/2020/06/20181121_155152_IMG_2076-768x576.jpg 768w, https://flensrekord.de/wp-content/uploads/2020/06/20181121_155152_IMG_2076-1536x1152.jpg 1536w, https://flensrekord.de/wp-content/uploads/2020/06/20181121_155152_IMG_2076-2048x1536.jpg 2048w" sizes="(max-width: 767px) 89vw, (max-width: 1000px) 54vw, (max-width: 1071px) 543px, 580px" /></a><figcaption class="blocks-gallery-item__caption">Alte Trommel</figcaption></figure></li><li class="blocks-gallery-item"><figure><a href="http://flensrekord.de/wp-content/uploads/2020/06/20181121_155129_IMG_2072-scaled.jpg"><img loading="lazy" decoding="async" width="1920" height="2560" src="http://flensrekord.de/wp-content/uploads/2020/06/20181121_155129_IMG_2072-scaled.jpg" alt="" data-id="167" data-full-url="http://flensrekord.de/wp-content/uploads/2020/06/20181121_155129_IMG_2072-scaled.jpg" data-link="http://flensrekord.de/?attachment_id=167" class="wp-image-167" srcset="https://flensrekord.de/wp-content/uploads/2020/06/20181121_155129_IMG_2072-scaled.jpg 1920w, https://flensrekord.de/wp-content/uploads/2020/06/20181121_155129_IMG_2072-225x300.jpg 225w, https://flensrekord.de/wp-content/uploads/2020/06/20181121_155129_IMG_2072-1152x1536.jpg 1152w, https://flensrekord.de/wp-content/uploads/2020/06/20181121_155129_IMG_2072-1536x2048.jpg 1536w" sizes="(max-width: 767px) 89vw, (max-width: 1000px) 54vw, (max-width: 1071px) 543px, 580px" /></a><figcaption class="blocks-gallery-item__caption">musste mal neu</figcaption></figure></li><li class="blocks-gallery-item"><figure><a href="http://flensrekord.de/wp-content/uploads/2020/06/20181121_165017_IMG_2077-scaled.jpg"><img loading="lazy" decoding="async" width="1920" height="2560" src="http://flensrekord.de/wp-content/uploads/2020/06/20181121_165017_IMG_2077-scaled.jpg" alt="" data-id="172" data-full-url="http://flensrekord.de/wp-content/uploads/2020/06/20181121_165017_IMG_2077-scaled.jpg" data-link="http://flensrekord.de/?attachment_id=172" class="wp-image-172" srcset="https://flensrekord.de/wp-content/uploads/2020/06/20181121_165017_IMG_2077-scaled.jpg 1920w, https://flensrekord.de/wp-content/uploads/2020/06/20181121_165017_IMG_2077-225x300.jpg 225w, https://flensrekord.de/wp-content/uploads/2020/06/20181121_165017_IMG_2077-1152x1536.jpg 1152w, https://flensrekord.de/wp-content/uploads/2020/06/20181121_165017_IMG_2077-1536x2048.jpg 1536w" sizes="(max-width: 767px) 89vw, (max-width: 1000px) 54vw, (max-width: 1071px) 543px, 580px" /></a><figcaption class="blocks-gallery-item__caption">Neue Teile verbaut</figcaption></figure></li></ul></figure>



<p>Dank der freundlichen Hilfe meines Schwagers konnten diese Reparaturen auch schnell erledigt werden, sodass das Auto im November 2018 zum TÜV konnte. Die H-Abnahme und TÜV waren überhaupt kein Problem. Ich hatte im Anschluss direkt einen Termin für das Wertgutachten gehabt und habe mich sehr über die Note 2- gefreut.</p>



<p>Nun hieß es warten bis endlich das Wetter 2019 mitspielt und die ersten Touren gefahren werden konnten.</p>



<p><a href="https://flensrekord.de/?page_id=92">Hier geht es weiter mit den Beiträgen aus 2019.</a></p>
