{"id":92,"date":"2020-06-06T10:28:52","date_gmt":"2020-06-06T10:28:52","guid":{"rendered":"http:\/\/flensrekord.de\/?page_id=92"},"modified":"2020-06-13T07:56:50","modified_gmt":"2020-06-13T07:56:50","slug":"2019-2","status":"publish","type":"page","link":"https:\/\/flensrekord.de\/?page_id=92","title":{"rendered":"2019"},"content":{"rendered":"\n<h2 class=\"wp-block-heading\">Ein Jahr voller (Vor)freude. <\/h2>\n\n\n\n<p>Der Opel hatte T\u00dcV und H-Kennzeichen-Zulassung erhalten und steht gut eingemottet in der Garage. Ich habe mich bewusst gegen ein Saisonkennzeichen entschieden, damit ich nicht auf einen bestimmten Monat warten muss, sondern jedes gute Wetter ausnutzen kann, egal welcher Monat im Kalender steht. <\/p>\n\n\n\n<p>So konnte ich schon im Februar\/ M\u00e4rz die ersten kleineren Runden drehen und mich mit dem Fahrverhalten des Autos vertraut machen. <\/p>\n\n\n\n<p>Kleine Touren, meistens zwischen 100 km und 200 km, durch Schleswig-Holstein standen an und ich merkte schnell, dass das Auto nicht nur f\u00fcr mich ein sch\u00f6ner Hingucker war. Die Menschen schauten sich um und sobald ich das Fahrzeug abgestellt hatte und ausgestiegen bin, kamen die ersten zum Schauen und stellten mir Fragen zu meinem Auto. Ich w\u00fcrde l\u00fcgen, wenn ich behaupten w\u00fcrde, dass ich dies nicht genie\u00dfen w\u00fcrde. <\/p>\n\n\n\n<div class=\"wp-block-image\"><figure class=\"aligncenter size-large is-resized\"><img loading=\"lazy\" decoding=\"async\" src=\"http:\/\/flensrekord.de\/wp-content\/uploads\/2020\/06\/20190406_151615_ce68ce42-f33c-478d-8f55-fd0a88816837-1024x768.jpg\" alt=\"\" class=\"wp-image-148\" width=\"557\" height=\"417\" srcset=\"https:\/\/flensrekord.de\/wp-content\/uploads\/2020\/06\/20190406_151615_ce68ce42-f33c-478d-8f55-fd0a88816837-1024x768.jpg 1024w, https:\/\/flensrekord.de\/wp-content\/uploads\/2020\/06\/20190406_151615_ce68ce42-f33c-478d-8f55-fd0a88816837-300x225.jpg 300w, https:\/\/flensrekord.de\/wp-content\/uploads\/2020\/06\/20190406_151615_ce68ce42-f33c-478d-8f55-fd0a88816837-768x576.jpg 768w, https:\/\/flensrekord.de\/wp-content\/uploads\/2020\/06\/20190406_151615_ce68ce42-f33c-478d-8f55-fd0a88816837-1536x1152.jpg 1536w, https:\/\/flensrekord.de\/wp-content\/uploads\/2020\/06\/20190406_151615_ce68ce42-f33c-478d-8f55-fd0a88816837.jpg 1600w\" sizes=\"(max-width: 557px) 100vw, 557px\" \/><figcaption>HotDog abholen in D\u00e4nemark<\/figcaption><\/figure><\/div>\n\n\n\n<p>Neben den einfachen Tagestouren informierte ich mich dar\u00fcber, welche Oldtimertreffen 2019 anstanden und habe das ein oder andere Event direkt in den Terminkalender \u00fcbertragen. <\/p>\n\n\n\n<p>Meine erste &#8220;Vorf\u00fchrung&#8221; des Fahrzeugs war dann am 15. Juni 2019 beim <a href=\"https:\/\/flensrekord.de\/?page_id=130\">T\u00dcV NORD Jubil\u00e4ums Event &#8211; 150 Jahre T\u00dcV NORD. <\/a><\/p>\n\n\n\n<p>Weiter gehen sollte es am Sonntag, den 08. September beim <a href=\"https:\/\/flensrekord.de\/?page_id=133\">17. Oldtimertreffen in Medelby<\/a><strong>.<\/strong><\/p>\n\n\n\n<p>Das Jahr sollte aber nicht nur das Jahr der Events werden. Es war auch das Jahr der ersten Reparaturen. <a href=\"https:\/\/flensrekord.de\/?page_id=180\">Rost <\/a>wollte behoben werden und die <a href=\"https:\/\/flensrekord.de\/?page_id=194\">Wasserpumpe <\/a>wurde auch etwas lauter. <\/p>\n","protected":false},"excerpt":{"rendered":"<p>Ein Jahr voller (Vor)freude. Der Opel hatte T\u00dcV und H-Kennzeichen-Zulassung erhalten und steht gut eingemottet in der Garage. Ich habe mich bewusst gegen ein Saisonkennzeichen entschieden, damit ich nicht auf einen bestimmten Monat warten muss, sondern jedes gute Wetter ausnutzen kann, egal welcher Monat im Kalender steht. So konnte ich schon im Februar\/ M\u00e4rz die &hellip; <\/p>\n<p class=\"link-more\"><a href=\"https:\/\/flensrekord.de\/?page_id=92\" class=\"more-link\"><span class=\"screen-reader-text\">\u201e2019\u201c<\/span> weiterlesen<\/a><\/p>\n","protected":false},"author":1,"featured_media":0,"parent":0,"menu_order":0,"comment_status":"open","ping_status":"closed","template":"","meta":{"footnotes":""},"_links":{"self":[{"href":"https:\/\/flensrekord.de\/index.php?rest_route=\/wp\/v2\/pages\/92"}],"collection":[{"href":"https:\/\/flensrekord.de\/index.php?rest_route=\/wp\/v2\/pages"}],"about":[{"href":"https:\/\/flensrekord.de\/index.php?rest_route=\/wp\/v2\/types\/page"}],"author":[{"embeddable":true,"href":"https:\/\/flensrekord.de\/index.php?rest_route=\/wp\/v2\/users\/1"}],"replies":[{"embeddable":true,"href":"https:\/\/flensrekord.de\/index.php?rest_route=%2Fwp%2Fv2%2Fcomments&post=92"}],"version-history":[{"count":7,"href":"https:\/\/flensrekord.de\/index.php?rest_route=\/wp\/v2\/pages\/92\/revisions"}],"predecessor-version":[{"id":250,"href":"https:\/\/flensrekord.de\/index.php?rest_route=\/wp\/v2\/pages\/92\/revisions\/250"}],"wp:attachment":[{"href":"https:\/\/flensrekord.de\/index.php?rest_route=%2Fwp%2Fv2%2Fmedia&parent=92"}],"curies":[{"name":"wp","href":"https:\/\/api.w.org\/{rel}","templated":true}]}}

<h2 class="wp-block-heading">Ein Jahr voller (Vor)freude. </h2>



<p>Der Opel hatte TÜV und H-Kennzeichen-Zulassung erhalten und steht gut eingemottet in der Garage. Ich habe mich bewusst gegen ein Saisonkennzeichen entschieden, damit ich nicht auf einen bestimmten Monat warten muss, sondern jedes gute Wetter ausnutzen kann, egal welcher Monat im Kalender steht. </p>



<p>So konnte ich schon im Februar/ März die ersten kleineren Runden drehen und mich mit dem Fahrverhalten des Autos vertraut machen. </p>



<p>Kleine Touren, meistens zwischen 100 km und 200 km, durch Schleswig-Holstein standen an und ich merkte schnell, dass das Auto nicht nur für mich ein schöner Hingucker war. Die Menschen schauten sich um und sobald ich das Fahrzeug abgestellt hatte und ausgestiegen bin, kamen die ersten zum Schauen und stellten mir Fragen zu meinem Auto. Ich würde lügen, wenn ich behaupten würde, dass ich dies nicht genießen würde. </p>



<div class="wp-block-image"><figure class="aligncenter size-large is-resized"><img loading="lazy" decoding="async" src="http://flensrekord.de/wp-content/uploads/2020/06/20190406_151615_ce68ce42-f33c-478d-8f55-fd0a88816837-1024x768.jpg" alt="" class="wp-image-148" width="557" height="417" srcset="https://flensrekord.de/wp-content/uploads/2020/06/20190406_151615_ce68ce42-f33c-478d-8f55-fd0a88816837-1024x768.jpg 1024w, https://flensrekord.de/wp-content/uploads/2020/06/20190406_151615_ce68ce42-f33c-478d-8f55-fd0a88816837-300x225.jpg 300w, https://flensrekord.de/wp-content/uploads/2020/06/20190406_151615_ce68ce42-f33c-478d-8f55-fd0a88816837-768x576.jpg 768w, https://flensrekord.de/wp-content/uploads/2020/06/20190406_151615_ce68ce42-f33c-478d-8f55-fd0a88816837-1536x1152.jpg 1536w, https://flensrekord.de/wp-content/uploads/2020/06/20190406_151615_ce68ce42-f33c-478d-8f55-fd0a88816837.jpg 1600w" sizes="(max-width: 557px) 100vw, 557px" /><figcaption>HotDog abholen in Dänemark</figcaption></figure></div>



<p>Neben den einfachen Tagestouren informierte ich mich darüber, welche Oldtimertreffen 2019 anstanden und habe das ein oder andere Event direkt in den Terminkalender übertragen. </p>



<p>Meine erste &#8220;Vorführung&#8221; des Fahrzeugs war dann am 15. Juni 2019 beim <a href="https://flensrekord.de/?page_id=130">TÜV NORD Jubiläums Event &#8211; 150 Jahre TÜV NORD. </a></p>



<p>Weiter gehen sollte es am Sonntag, den 08. September beim <a href="https://flensrekord.de/?page_id=133">17. Oldtimertreffen in Medelby</a><strong>.</strong></p>



<p>Das Jahr sollte aber nicht nur das Jahr der Events werden. Es war auch das Jahr der ersten Reparaturen. <a href="https://flensrekord.de/?page_id=180">Rost </a>wollte behoben werden und die <a href="https://flensrekord.de/?page_id=194">Wasserpumpe </a>wurde auch etwas lauter. </p>

<p>Ein Jahr voller (Vor)freude. Der Opel hatte TÜV und H-Kennzeichen-Zulassung erhalten und steht gut eingemottet in der Garage. Ich habe mich bewusst gegen ein Saisonkennzeichen entschieden, damit ich nicht auf einen bestimmten Monat warten muss, sondern jedes gute Wetter ausnutzen kann, egal welcher Monat im Kalender steht. So konnte ich schon im Februar/ März die &hellip; </p>
<p class="link-more"><a href="https://flensrekord.de/?page_id=92" class="more-link"><span class="screen-reader-text">„2019“</span> weiterlesen</a></p>
